1
List the prime factors of 3570314655.
3, 5, 89, 2674393
List the prime factors of 541715430.
2, 3, 5, 1063, 16987
What are the prime factors of 238962196?
2, 11, 5430959
List the prime factors of 235205184.
2, 3, 31, 43, 919
List the prime factors of 8358239.
8358239
List the prime factors of 590628966.
2, 3, 98438161
What are the prime factors of 3059532290?
2, 5, 31, 97, 101747
What are the prime factors of 17471233?
13, 1343941
What are the prime factors of 7834620464?
2, 11, 41, 73, 107, 139
List the prime factors of 37690584.
2, 3, 79, 103, 193
What are the prime factors of 51868596?
2, 3, 13, 233, 1427
What are the prime factors of 1047099421?
101, 10367321
List the prime factors of 1416708368.
2, 23, 127, 30313
What are the prime factors of 472664759?
7, 47, 53, 27107
List the prime factors of 108228254.
2, 31, 197, 8861
What are the prime factors of 895109036?
2, 7817, 28627
List the prime factors of 971869206.
2, 3, 7, 11, 2103613
List the prime factors of 2760986751.
3, 809, 1137613
What are the prime factors of 1015834711?
17, 863, 4073
What are the prime factors of 50843695?
5, 7, 53, 27409
What are the prime factors of 3953582?
2, 1976791
List the prime factors of 174431140.
2, 5, 13, 59, 83, 137
List the prime factors of 2173076052.
2, 3, 7, 2963, 8731
What are the prime factors of 50320295?
5, 10064059
List the prime factors of 265106870.
2, 5, 7, 1693, 2237
List the prime factors of 457531842.
2, 3, 61, 1250087
What are the prime factors of 151754587?
47, 773, 4177
What are the prime factors of 303964594?
2, 109, 127, 10979
List the prime factors of 37519330.
2, 5, 29, 67, 1931
List the prime factors of 4000285323.
3, 5657, 78571
What are the prime factors of 8853882?
2, 3, 1475647
What are the prime factors of 10252473?
3, 7, 11, 44383
What are the prime factors of 2106996516?
2, 3, 19509227
List the prime factors of 130529873.
337, 387329
What are the prime factors of 1483918289?
7, 41, 313, 16519
What are the prime factors of 2563876833?
3, 7, 17441339
What are the prime factors of 223595462?
2, 241, 463891
What are the prime factors of 554944519?
554944519
List the prime factors of 195718597.
1297, 150901
List the prime factors of 2766411164.
2, 11, 47, 1337723
What are the prime factors of 6002017?
7, 857431
What are the prime factors of 11075460?
2, 3, 5, 11, 97, 173
What are the prime factors of 654814499?
19, 34463921
What are the prime factors of 492182078?
2, 181, 1359619
What are the prime factors of 196694964?
2, 3, 17, 321397
List the prime factors of 37772875.
5, 7, 881
List the prime factors of 25190434.
2, 12595217
List the prime factors of 3193363858.
2, 19, 1873, 44867
What are the prime factors of 4487158389?
3, 7, 19, 23, 3037
List the prime factors of 210568891.
13, 79, 205033
List the prime factors of 25942717.
43, 603319
List the prime factors of 5484666234.
2, 3, 914111039
List the prime factors of 30382243.
97, 313219
List the prime factors of 60140265.
3, 5, 541, 7411
What are the prime factors of 208068584?
2, 26008573
What are the prime factors of 268381808?
2, 16773863
List the prime factors of 4944814326.
2, 3, 43, 107, 59707
List the prime factors of 131992004.
2, 32998001
List the prime factors of 1099154838.
2, 3, 183192473
What are the prime factors of 24777931?
739, 33529
What are the prime factors of 89706992?
2, 23, 243769
What are the prime factors of 92548769?
92548769
List the prime factors of 71039780.
2, 5, 7, 557, 911
List the prime factors of 19482878.
2, 109, 89371
What are the prime factors of 1246171301?
47, 439, 60397
What are the prime factors of 93647222?
2, 37, 1265503
List the prime factors of 861647774.
2, 13, 33140299
What are the prime factors of 40626838?
2, 7, 17, 170701
List the prime factors of 1366552.
2, 11, 53, 293
What are the prime factors of 8219857?
17, 131, 3691
What are the prime factors of 123396820?
2, 5, 241, 25601
What are the prime factors of 48994495?
5, 11, 890809
List the prime factors of 38129358.
2, 3, 479, 13267
List the prime factors of 709265968.
2, 44329123
What are the prime factors of 1077818398?
2, 538909199
What are the prime factors of 5237527282?
2, 13, 313, 643589
List the prime factors of 29011277.
29011277
What are the prime factors of 5822715759?
3, 7, 223, 1243373
What are the prime factors of 367591054?
2, 183795527
What are the prime factors of 522772004?
2, 19, 6878579
List the prime factors of 631473340.
2, 5, 107, 295081
List the prime factors of 6779924315.
5, 397, 3415579
List the prime factors of 3014021701.
3014021701
List the prime factors of 898182987.
3, 13, 23030333
List the prime factors of 309244317.
3, 659, 156421
What are the prime factors of 40392553?
61, 499, 1327
What are the prime factors of 133606229?
3167, 42187
What are the prime factors of 800664278?
2, 400332139
What are the prime factors of 480738986?
2, 7, 13, 2641423
What are the prime factors of 1866367178?
2, 13, 59, 139, 8753
What are the prime factors of 243469705?
5, 19, 79, 32441
List the prime factors of 25016060.
2, 5, 911, 1373
What are the prime factors of 643912437?
3, 7, 1013, 30269
List the prime factors of 6066992330.
2, 5, 7, 31, 307, 1301
What are the prime factors of 1931750003?
9601, 201203
What are the prime factors of 138788143?
13, 163, 65497
List the prime factors of 18911989.
18911989
What are the prime factors of 1409935530?
2, 3, 5, 46997851
What are the prime factors of 669634144?
2, 23, 909829
List the prime factors of 1822337314.
2, 7, 130166951
What are the prime factors of 1746724102?
2, 509, 3371
What are the prime factors of 9879557?
9879557
What are the prime factors of 2366194526?
2, 19, 97, 727, 883
List the prime factors of 4828845856.
2, 709, 212837
What are the prime factors of 215685896?
2, 631, 42727
List the prime factors of 99721220.
2, 5, 4986061
List the prime factors of 5538798135.
3, 5, 13, 17, 556943
List the prime factors of 218304252.
2, 3, 6064007
What are the prime factors of 318580852?
2, 47, 1277, 1327
What are the prime factors of 64717582?
2, 347, 93253
What are the prime factors of 412948406?
2, 13, 61, 83, 3137
List the prime factors of 24364828.
2, 6091207
What are the prime factors of 325628021?
59, 5519119
List the prime factors of 1789343067.
3, 596447689
List the prime factors of 39533986.
2, 19766993
What are the prime factors of 7236560762?
2, 29, 41, 3043129
What are the prime factors of 52612462?
2, 7, 3758033
List the prime factors of 451981003.
451981003
What are the prime factors of 1654067?
31, 229, 233
List the prime factors of 55952888.
2, 6994111
List the prime factors of 197838999.
3, 433, 50767
What are the prime factors of 471635436?
2, 3, 39302953
What are the prime factors of 7566075644?
2, 7283, 259717
List the prime factors of 29588388.
2, 3, 41, 60139
What are the prime factors of 64575376?
2, 19, 212419
What are the prime factors of 3244002918?
2, 3, 13, 67, 620743
List the prime factors of 1339355170.
2, 5, 271, 313, 1579
List the prime factors of 15941398.
2, 11, 724609
List the prime factors of 6511202.
2, 3255601
What are the prime factors of 4704286814?
2, 5953, 395119
List the prime factors of 1009063652.
2, 11093, 22741
What are the prime factors of 287925027?
3, 13, 1453, 5081
What are the prime factors of 1507389303?
3, 7, 17, 86171
What are the prime factors of 89492384?
2, 113, 24749
What are the prime factors of 1157497936?
2, 7, 19, 37, 61, 241
List the prime factors of 1021100015.
5, 13, 239, 65729
What are the prime factors of 4811769156?
2, 3, 400980763
List the prime factors of 168394831.
11, 41, 61, 6121
List the prime factors of 146102306.
2, 7, 173, 179, 337
List the prime factors of 66135965.
5, 7, 523, 3613
What are the prime factors of 3186981137?
263, 12117799
List the prime factors of 156561519.
3, 409, 127597
What are the prime factors of 735043610?
2, 5, 7, 163, 9203
List the prime factors of 253483212.
2, 3, 257, 82193
What are the prime factors of 582772691?
2423, 240517
List the prime factors of 302678222.
2, 7, 11, 1965443
List the prime factors of 188356966.
2, 7, 67, 200807
List the prime factors of 1384976955.
3, 5, 439, 210323
List the prime factors of 3108219866.
2, 139, 271, 41257
List the prime factors of 2240365803.
3, 13, 409, 1404